 of 64640 and 30951040.
640
Calculate the highest common divisor of 28957502 and 42.
14
What is the greatest common divisor of 6048 and 44009?
7
What is the highest common factor of 6929 and 93808?
533
What is the greatest common factor of 288 and 609669?
9
Calculate the greatest common divisor of 98124522 and 54.
6
Calculate the highest common divisor of 825 and 39075795.
165
What is the greatest common factor of 312 and 2174016?
312
What is the highest common divisor of 7568233 and 2424?
101
What is the greatest common factor of 1664508336 and 3216?
3216
Calculate the greatest common factor of 24849 and 119790.
99
What is the greatest common divisor of 45040 and 60760?
40
Calculate the highest common factor of 4007718 and 338481.
1287
What is the greatest common factor of 26923 and 4556200?
2071
What is the greatest common factor of 1127184 and 4416?
1104
What is the greatest common divisor of 360269 and 569023?
3367
What is the highest common divisor of 19285591 and 416?
13
What is the greatest common divisor of 34209682 and 9546?
3182
What is the greatest common divisor of 5766964 and 274?
2
Calculate the greatest common factor of 111407 and 43770907.
3011
What is the greatest common divisor of 902 and 153014870?
82
Calculate the greatest common divisor of 34089174 and 5103.
567
What is the highest common factor of 35779065 and 3045?
105
What is the greatest common divisor of 42639 and 682041?
183
What is the highest common divisor of 62942 and 57662?
22
What is the highest common factor of 420862 and 30?
2
What is the highest common divisor of 331797069 and 9?
9
Calculate the greatest common divisor of 67881724 and 1424.
356
Calculate the greatest common divisor of 261 and 2419884.
9
What is the greatest common factor of 122949450 and 360?
90
What is the greatest common divisor of 4296 and 38568?
24
What is the greatest common divisor of 2352 and 857598?
294
Calculate the highest common factor of 6953 and 169439.
17
Calculate the greatest common divisor of 1772766 and 377710.
706
Calculate the greatest common factor of 12770 and 204415775.
6385
What is the greatest common divisor of 332294 and 231?
1
What is the greatest common factor of 2122554 and 2716?
1358
What is the greatest common factor of 197 and 6121578?
197
What is the highest common factor of 10176 and 962851424?
1696
Calculate the greatest common factor of 3016 and 1030776.
232
Calculate the greatest common divisor of 7680834 and 4.
2
What is the greatest common divisor of 816 and 13766651?
17
Calculate the greatest common divisor of 51387 and 3381754.
2447
What is the highest common factor of 15 and 14049813?
3
Calculate the highest common factor of 917 and 133146566.
917
What is the highest common divisor of 650014 and 1148?
82
Calculate the highest common factor of 97240 and 338.
26
What is the highest common divisor of 288 and 3028392?
72
Calculate the greatest common factor of 377854313 and 244.
61
Calculate the highest common factor of 2037959 and 62909.
1463
Calculate the highest common divisor of 253 and 253966207.
253
Calculate the highest common factor of 169548 and 4844058.
1194
Calculate the highest common divisor of 46 and 2924611.
23
What is the greatest common divisor of 1 and 17678718?
1
What is the greatest common factor of 3493 and 223231642?
499
What is the highest common divisor of 486337 and 6903?
59
Calculate the highest common factor of 480281037 and 2055.
411
Calculate the greatest common divisor of 241596 and 12744.
108
Calculate the greatest common factor of 230 and 618612.
2
Calculate the highest common divisor of 341 and 56376166.
341
Calculate the highest common divisor of 621 and 573856578.
207
What is the highest common factor of 11887822 and 1437?
479
Calculate the highest common factor of 38178 and 323099.
707
What is the greatest common divisor of 92796 and 38532?
228
What is the highest common divisor of 32 and 28102808?
8
Calculate the greatest common factor of 8060010 and 5880.
1470
What is the highest common factor of 1120 and 528128?
32
Calculate the highest common factor of 11857 and 170613.
71
Calculate the greatest common factor of 715 and 23465.
65
Calculate the greatest common factor of 230100 and 7267.
13
What is the greatest common divisor of 3121433 and 1741929?
763
Calculate the greatest common factor of 22536 and 118627.
313
What is the greatest common divisor of 15930047 and 2360281?
7399
What is the highest common factor of 7218 and 13302?
18
What is the highest common factor of 16 and 1268990?
2
Calculate the greatest common divisor of 8183343 and 70597.
311
Calculate the greatest common factor of 18019153 and 31.
31
What is the greatest common factor of 33415 and 8087245?
815
Calculate the highest common divisor of 482 and 10200807.
241
Calculate the highest common divisor of 388506789 and 99.
99
What is the highest common factor of 4760342 and 50962?
614
Calculate the highest common divisor of 83122 and 240192.
278
What is the highest common factor of 2799 and 1929133?
311
What is the highest common divisor of 5923276 and 50252?
68
Calculate the greatest common divisor of 22950006 and 839.
839
Calculate the greatest common divisor of 14 and 90560946.
14
Calculate the highest common divisor of 8 and 151486.
2
Calculate the greatest common divisor of 48 and 372288208.
16
What is the greatest common factor of 4013804 and 36?
4
Calculate the greatest common factor of 166656625 and 375.
125
Calculate the greatest common factor of 20552112 and 5544.
504
What is the highest common divisor of 607383 and 3038?
217
What is the highest common factor of 151260 and 2400?
60
Calculate the greatest common divisor of 50694 and 159190023.
3621
Calculate the greatest common factor of 100 and 688988.
4
What is the greatest common divisor of 639 and 265256?
71
Calculate the highest common divisor of 578144 and 395444.
812
Calculate the greatest common divisor of 197880 and 24446.
34
What is the greatest common divisor of 57 and 16521621?
57
Calculate the highest common factor of 142357410 and 325.
65
What is the greatest common factor of 45 and 23066685?
45
What is the highest common divisor of 48034364 and 28?
28
Calculate the highest common divisor of 1521 and 3764943.
117
What is the highest common divisor of 641376 and 60?
12
Calculate the greatest common factor of 266231 and 18907.
511
Calculate the highest common divisor of 68128040 and 680.
40
Calculate the greatest common factor of 77642361 and 297.
27
What is the greatest common divisor of 22586148 and 4056?
156
What is the highest common divisor of 115914 and 42?
6
What is the greatest common divisor of 19784 and 181496?
8
Calculate the greatest common factor of 21 and 4306337.
7
Calculate the highest common divisor of 758 and 7869556.
758
What is the greatest common divisor of 75 and 27310287?
3
Calculate the highest common factor of 198 and 19803618.
18
Calculate the highest common divisor of 928 and 456976.
16
What is the greatest common divisor of 28 and 12311579?
7
What is the greatest common divisor of 15065325 and 275?
275
Calculate the highest common factor of 16280 and 6067556.
1628
What is the greatest common divisor of 21489606 and 72?
18
Calculate the highest common factor of 183183 and 12163827.
2379
What is the highest common factor of 18 and 8767674?
18
Calculate the highest common divisor of 1048258 and 14.
2
What is the greatest common divisor of 632 and 148861912?
632
What is the highest common factor of 1888692 and 31044?
156
Calculate the greatest common factor of 207518836 and 140.
28
Calculate the greatest common divisor of 47104 and 7199.
23
What is the highest common factor of 2160 and 948780?
540
What is the greatest common factor of 468 and 456846?
78
Calculate the highest common divisor of 1977335 and 40.
5
What is the highest common factor of 878386 and 218104?
398
Calculate the greatest common factor of 1643 and 1112497.
31
What is the highest common factor of 12 and 4094397?
3
Calculate the highest common factor of 345320 and 33853.
97
Calculate the highest common factor of 89874 and 286628158.
9986
Calculate the highest common divisor of 255800 and 200.
200
Calculate the greatest common divisor of 422049071 and 25403.
3629
Calculate the highest co